 composite?
True
Is 100531973 prime?
False
Is 23327929463 prime?
False
Is 1358147939 prime?
False
Is 3628058141 composite?
True
Is 26606750297 prime?
True
Is 14795348921 prime?
True
Is 539276807 a prime number?
True
Is 6407859083 a prime number?
True
Is 1565728579 a composite number?
False
Is 76452726331 composite?
True
Is 88171597 prime?
False
Is 1141181927 prime?
True
Is 33743488379 a prime number?
True
Is 14108121283 prime?
False
Is 11800232099 composite?
True
Is 317707183 a composite number?
False
Is 928822607 prime?
True
Is 895950373 a prime number?
False
Is 2059180031 prime?
True
Is 14025773017 composite?
False
Is 558249253 a prime number?
True
Is 4160478067 composite?
False
Is 1760636005 a composite number?
True
Is 1474251937 a prime number?
True
Is 46987979813 a prime number?
True
Is 931523141 a prime number?
True
Is 548562713 a prime number?
True
Is 411715193 composite?
True
Is 6041822357 a composite number?
False
Is 2804337301 composite?
True
Is 84576656833 prime?
True
Is 2952275761 a prime number?
False
Is 2179374089 composite?
False
Is 236266571 a composite number?
True
Is 12011008847 prime?
True
Is 6479255651 composite?
True
Is 63708614329 composite?
False
Is 894509711 a composite number?
False
Is 622929803 a prime number?
True
Is 8947610411 prime?
True
Is 805727549 a prime number?
False
Is 135346891 prime?
False
Is 163194719 a composite number?
True
Is 1153391341 a prime number?
False
Is 400891333 a composite number?
True
Is 15161020639 prime?
True
Is 1530438263 a prime number?
True
Is 6428542457 a prime number?
True
Is 425479849 prime?
True
Is 159445723 prime?
False
Is 269353025363 a prime number?
True
Is 9868684407 a prime number?
False
Is 179304277 prime?
True
Is 1183365383 prime?
True
Is 228032721131 prime?
True
Is 532571366 composite?
True
Is 2052796033 a prime number?
True
Is 551433353 prime?
True
Is 7293397411 prime?
True
Is 1395941233 a composite number?
False
Is 99887251 prime?
True
Is 5508939517 prime?
True
Is 5751398213 prime?
False
Is 51748458617 a prime number?
True
Is 25179689641 a composite number?
False
Is 1613472167 a prime number?
True
Is 13166474369 a composite number?
False
Is 657195217 prime?
False
Is 17988382565 a composite number?
True
Is 1097604619 prime?
False
Is 59771267189 a prime number?
True
Is 7512274411 composite?
True
Is 3525412963 a prime number?
False
Is 480141889 composite?
True
Is 20981316065 a prime number?
False
Is 10142986687 a composite number?
True
Is 194286807287 a prime number?
False
Is 112409214101 a composite number?
False
Is 266888647 prime?
True
Is 32574486599 prime?
True
Is 236845657 prime?
True
Is 205406147 a prime number?
True
Is 4374967657 a prime number?
True
Is 5714821601 a prime number?
True
Is 92529779 a prime number?
True
Is 245272099 a composite number?
False
Is 9620083877 a prime number?
True
Is 27364170827 a composite number?
True
Is 629021909 prime?
True
Is 2695054577 composite?
True
Is 88980041 a prime number?
True
Is 1710836899 a prime number?
False
Is 14496749 a prime number?
True
Is 2068614503 composite?
True
Is 26326781927 composite?
True
Is 666041741 prime?
True
Is 3054799621 prime?
False
Is 442830343 composite?
False
Is 12377938817 a prime number?
False
Is 3890497837 composite?
True
Is 8690723687 a composite number?
True
Is 7625209 prime?
True
Is 109893739402 a prime number?
False
Is 139291512121 a composite number?
False
Is 29832412393 a composite number?
True
Is 24843088777 composite?
True
Is 1646505187 a prime number?
False
Is 44969369299 composite?
False
Is 130051147 composite?
True
Is 8696232799 composite?
True
Is 27371432527 prime?
True
Is 1673981711 a composite number?
False
Is 12132117583 prime?
False
Is 13835611318 composite?
True
Is 40461090611 prime?
True
Is 2399278363 a prime number?
False
Is 52281253261 prime?
True
Is 106252459 prime?
True
Is 22739037157 composite?
True
Is 87815334454 a composite number?
True
Is 406667893 a composite number?
True
Is 20588383469 a composite number?
False
Is 3142038313 prime?
False
Is 2103853663 prime?
False
Is 23105725003 prime?
True
Is 742404601 a prime number?
False
Is 14539463 composite?
True
Is 31026657097 composite?
True
Is 6557912807 prime?
False
Is 1593499871 a composite number?
True
Is 936572447 a prime number?
True
Is 8011989961 a prime number?
False
Is 70969218533 a composite number?
False
Is 6133874603 a composite number?
False
Is 1736602759 a prime number?
True
Is 1038908803 prime?
False
Is 104792400731 composite?
True
Is 552044159 prime?
False
Is 1662830203 prime?
True
Is 778668791 prime?
True
Is 19203878669 a prime number?
True
Is 16571139397 a composite number?
False
Is 12977779 a prime number?
False
Is 7626748253 a composite number?
True
Is 41586881407 a composite number?
True
Is 47800055899 a prime number?
True
Is 2226149063 a composite number?
False
Is 5285905 prime?
False
Is 1508405 prime?
False
Is 8772567413 composite?
False
Is 1956551911 a composite number?
False
Is 80453632231 prime?
False
Is 12492449369 a composite number?
True
Is 3369162701 a prime number?
False
Is 142546841 a composite number?
True
Is 27297619039 composite?
False
Is 949522139 composite?
False
Is 2324381 composite?
False
Is 1231779401 a prime number?
False
Is 4308443527 composite?
False
Is 5569150271 a composite number?
True
Is 39904472609 composite?
False
Is 6123978251 a prime number?
False
Is 11787501527 composite?
True
Is 1513649387 prime?
True
Is 461058229 composite?
False
Is 476750117 prime?
True
Is 1488873893 prime?
False
Is 4368184109 a composite number?
False
Is 808664737 prime?
True
Is 53095710181 a prime number?
True
Is 830592419 a prime number?
True
Is 7697185213 a prime number?
False
Is 127276273973 a prime number?
True
Is 111488953 composite?
False
Is 1483066141 prime?
False
Is 47375651419 prime?
True
Is 997986523 a composite number?
False
Is 42069553061 composite?
True
Is 7063127447 a composite number?
True
Is 256014839 prime?
False
Is 1366824797 a composite number?
True
Is 328999667 prime?
False
Is 233851979679 a composite number?
True
Is 14288352619 a composite number?
False
Is 912257391 composite?
True
Is 116560416493 composite?
False
Is 1029725447 a composite number?
False
Is 114361237277 a prime number?
False
Is 1742719171 a composite number?
True
Is 284068307 a composite number?
False
Is 104688659 composite?
False
Is 58494855047 a composite number?
False
Is 238123733 a composite number?
False
Is 12149364169 prime?
False
Is 9504060613 a composite number?
True
Is 47259283727 prime?
True
Is 105355088183 a composite number?
True
Is 15735995419 a prime number?
True
Is 4495079839 a prime number?
False
Is 7482852173 prime?
True
Is 4695095417 prime?
False
Is 36162523951 a composite number?
False
Is 3009677119 a prime number?
False
Is 11896321639 a composite number?
False
Is 3490751323 a prime number?
False
Is 93103580659 a composite number?
False
Is 4573721045 a composite number?
True
Is 1213863965 prime?
False
Is 11362126207 prime?
True
Is 37030579787 prime?
True
Is 202375087 prime?
True
Is 36644362907 a prime number?
False
Is 9654539339 composite?
False
Is 4295298263 prime?
True
Is 2065022191 composite?
False
Is 323712577 a prime number?
False
Is 5397566809 prime?
False
Is 2451755569 a composite number?
False
Is 71286104833 a composite number?
False
Is 697463057 a prime number?
True
Is 16196891 a prime number?
False
Is 431381921 composite?
True
Is 28404886997 a composite number?
False
Is 65140679 a composite number?
False
Is 3353175067 a composite number?
True
Is 35316487 a composite number?
True
Is 1908272753 a prime number?
True
Is 5020931701 composite?
True
Is 2965691111 composite?
False
Is 100953985469 a composite number?
True
Is 179096941 a composite number?
True
Is 7327708945 a composite number?
True
Is 137402441 a prime number?
False
Is 1122399613 a prime number?
True
Is 499902478 a composite number?
True
Is 6436243441 a composite number?
True
Is 13476812737 a prime number?
True
Is 8612492591 composite?
False
Is 273842537 a composite number?
True
Is 26344498787 composite?
True
Is 22110862349 prime?
True
Is 67242322889 a prime number?
False
Is 16253460767 prime?
True
Is 1165063897 composite?
False
Is 2785700849 a composite number?
False
Is 13461653047 a composite number?
True
Is 2619345423 a composite nu